{"id":12,"date":"2020-12-30T11:44:56","date_gmt":"2020-12-30T10:44:56","guid":{"rendered":"http:\/\/omega-consulting.re\/?page_id=12"},"modified":"2026-02-13T09:06:17","modified_gmt":"2026-02-13T08:06:17","slug":"le-nouveau-e-mucem-ouvre-ses-portes-2","status":"publish","type":"page","link":"https:\/\/omega-consulting.re\/","title":{"rendered":"La S\u00e9curit\u00e9 \u00e9lectrique"},"content":{"rendered":"","protected":true},"excerpt":{"rendered":"","protected":true},"author":1,"featured_media":0,"parent":0,"menu_order":0,"comment_status":"closed","ping_status":"closed","template":"","meta":{"footnotes":""},"class_list":["post-12","page","type-page","status-publish","post-password-required","hentry"],"_links":{"self":[{"href":"https:\/\/omega-consulting.re\/index.php?rest_route=\/wp\/v2\/pages\/12","targetHints":{"allow":["GET"]}}],"collection":[{"href":"https:\/\/omega-consulting.re\/index.php?rest_route=\/wp\/v2\/pages"}],"about":[{"href":"https:\/\/omega-consulting.re\/index.php?rest_route=\/wp\/v2\/types\/page"}],"author":[{"embeddable":true,"href":"https:\/\/omega-consulting.re\/index.php?rest_route=\/wp\/v2\/users\/1"}],"replies":[{"embeddable":true,"href":"https:\/\/omega-consulting.re\/index.php?rest_route=%2Fwp%2Fv2%2Fcomments&post=12"}],"version-history":[{"count":92,"href":"https:\/\/omega-consulting.re\/index.php?rest_route=\/wp\/v2\/pages\/12\/revisions"}],"predecessor-version":[{"id":284,"href":"https:\/\/omega-consulting.re\/index.php?rest_route=\/wp\/v2\/pages\/12\/revisions\/284"}],"wp:attachment":[{"href":"https:\/\/omega-consulting.re\/index.php?rest_route=%2Fwp%2Fv2%2Fmedia&parent=12"}],"curies":[{"name":"wp","href":"https:\/\/api.w.org\/{rel}","templated":true}]}}